-2) + 2 + -1 + 1?
-2
Evaluate -11 + (3 - 4 - -7).
-5
-1 - (-3 + (1 - -5) - 2)
-2
What is 1 + -3 + 0 + 2 + 1?
1
Evaluate 21 + -18 - (8 + -2).
-3
What is the value of -10 + 16 + (3 - 1)?
8
What is (5 - (2 + 6)) + 3 + -4?
-4
Evaluate -2 - -12 - (39 + -33).
4
Evaluate -49 + 53 + (-6 - -1).
-1
What is the value of 2 + 1 + 3 - (-24 - -24)?
6
Calculate -2 + 1 + 2 + (-10 - -7).
-2
What is the value of -1 - (1 + -3) - (4 - 1)?
-2
What is the value of 5 + (7 - (7 + 5))?
0
3 - 0 - (-5 + (1 - -5))
2
What is the value of 10 - (-1 - (-1 - 5)) - 6?
-1
What is -2 - 1 - (-6 + 6 - 3)?
0
(-1 - (-12 - 2 - -5)) + -12
-4
What is 4 - (2 + (-3 - -6))?
-1
Calculate 4 + -3 + -6 + 0.
-5
Evaluate 4 - (3 - (-3 + (-2 - 0))).
-4
Evaluate -3 + 1 - (10 + -7 - 0).
-5
What is the value of 4 + -4 - -1 - -2?
3
What is the value of 2 - (-6 + (2 - -1))?
5
0 + 7 + -4 + 0
3
Calculate 0 + (0 - -1) + 0 + -5.
-4
Evaluate (5 - (13 + -1)) + 2 + 3.
-2
What is the value of 2 + (-3 - (-8 - 7 - -6))?
8
Calculate 6 - (-7 + 23 - 9).
-1
Calculate 11 - 20 - (12 + -17).
-4
4 + 1 + (5 - 16) + 2
-4
(-4 - -3) + 2 + 3
4
(1 - 1) + (95 - 91)
4
Evaluate -1 + -1 - (-1 - 2) - 0.
1
Calculate -1 - (-1 + 0) - -2 - 2.
0
What is the value of -4 - -9 - (15 + -4)?
-6
9 + (10 - 5) + -15
-1
Calculate 2 + -3 + 4 + 0.
3
What is the value of 0 - -1 - (-26 - -6 - -19)?
2
2 - (-2 - -5) - (2 - -2)
-5
What is the value of 6 - (-1 + 1) - 3?
3
Calculate (-2 - -10) + -10 - -8.
6
What is (-14 - (0 - 7)) + 5?
-2
Calculate 7 + -11 + 9 + -5.
0
What is -12 + 7 + 26 - 12?
9
18 + -8 + -7 + -1
2
7 + (-7 - -3) + (0 - -4)
7
(28 - 6) + -31 + 1 + 1
-7
What is 16 + -23 + -3 + 6?
-4
Calculate (0 - (-1 + -3 + 0)) + 3.
7
-2 + 10 + -32 + 20
-4
What is (-1 - -1) + (8 - 1)?
7
1 + -1 - (3 - 1)
-2
0 + (1 - -3) + -8 + 3
-1
What is -8 + -1 - (-12 - (4 - 12))?
-5
Evaluate -6 - (-6 - (-3 + 3 - 0)).
0
46 - 50 - (0 + (-1 - 2))
-1
What is (7 - (-1 + 2)) + (-4 - 10)?
-8
What is -4 - (0 - 5) - 1?
0
What is the value of 13 + -7 - (-2 - -6)?
2
What is (-5 - (-6 + -4)) + -5?
0
(8 - 12 - -12) + (-3 - 6)
-1
Calculate -6 + 0 - 4 - -6.
-4
Evaluate (6 - -5) + -1 + -5 + -1.
4
What is -11 - -7 - (-6 - -2)?
0
What is the value of 36 - 36 - (2 + 0)?
-2
0 - (4 - -2 - (1 - -2))
-3
Evaluate -2 - (-2 + 0 + -5).
5
-10 + (1 - (-1 + -7))
-1
-5 + (3 - -4) - 3
-1
What is (-10 - (-5 + 1) - -5) + -6?
-7
What is the value of (1 - 1 - 5) + -20 + 29?
4
What is -21 + 14 - (-6 - 0)?
-1
What is the value of 3 + (-1 - (4 + (-5 - -4)))?
-1
Evaluate -2 - -5 - (2 - (-3 - -3)).
1
3 - -5 - 9 - 5
-6
What is 2 - (6 - 12 - -9)?
-1
1 + 2 - (-1 + 5)
-1
What is 9 + -2 - (9 - 0)?
-2
1 - -8 - (20 - 8)
-3
What is the value of 0 + 0 - (-2 + (-8 - -6))?
4
What is (0 - (4 + -5)) + (0 - -1)?
2
Evaluate (4 - (2 + 0)) + -5.
-3
Calculate (0 + -3 - 1) + 7.
3
What is the value of 0 + 5 + -1 + -9?
-5
9 - 1 - (2 + 5 + -1)
2
What is (-4 - 5) + (1 + 2 - 0)?
-6
Evaluate -17 - (2 + -9 + -2 - -1).
-9
Evaluate -1 - (0 + -2) - 7 - 1.
-7
Evaluate 8 - (3 + (8 - 2)).
-1
What is the value of -1 - ((-1 - (4 + 0)) + 2)?
2
What is 1 - (-4 - -3 - 1)?
3
Calculate 1 + -4 + 3 + 4 - 3.
1
Calculate -3 + 0 - (51 - 60).
6
What is the value of 28 - 25 - (-1 + 4)?
0
What is -2 + -4 - (33 - 36)?
-3
Evaluate (0 - 10) + (-3 - (7 + -12)).
-8
0 - (7 - (2 - (2 + 1)))
-8
Calculate (-7 - -3) + 3 + 3.
2
Calculate -2 - (4 + 5 + -18).
7
4 + (-1 + 6 - (20 + -13))
2
Evaluate 1 + -7 + 5 + -5.
-6
What is the value of 5 - ((4 - 6) + 6)?
1
2 - ((-3 - (4 - 13)) + -6)
2
Evaluate -2 + (6 + -2 + 3 - 4).
1
-1 - (-4 - 0) - (1 + 2)
0
What is the value of 4 + (-1 - 7) - (1 - 1)?
-4
Evaluate 6 + -7 + 3 + -9.
-7
What is -9 + 5 - ((1 - 1) + -2)?
-2
1 + -10 - (6 - (7 + 4))
-4
Evaluate -7 - 1 - ((28 - 22) + -7).
-7
What is -2 + (2 - 2 - (12 + -12))?
-2
26 + -30 - (1 + -1 - 1)
-3
What is -1 - (1 + -2 + -5)?
5
What is (2 + 1 - 4 - 3) + 0?
-4
Calculate (1 - (0 + 2 + 3)) + 3.
-1
What is 12 - 5 - 5 - 2?
0
What is 0 - (-4 + (7 - 3) + -5)?
5
What is the value of 5 + -1 - (5 - (13 + -5))?
7
Evaluate 2 - (-6 + (2 - 2) + 5).
3
Evaluate 3 - (-8 - ((-10 - -3) + -1)).
3
Calculate -2 + -1 + 13 + -5 + -3.
2
What is 2 + 8 + -3 + (-10 - -1)?
-2
What is (-1 - -6) + (-9 - (-15 - -8))?
3
What is (-8 - -5) + (2 - 4)?
-5
Calculate -1 + 6 + -9 + -1.
-5
Calculate (4 - 8) + 1 + -2 + 7.
2
Calculate 14 + -5 - (23 + -13).
-1
-3 - (8 + -8 + -4)
1
Calculate -3 - (-7 + 13) - -7.
-2
-8 + (2 + 2 - (6 - 3))
-7
Calculate 3 + 2 + 4 + -5 + 3.
7
-2 - (3 + -4 + 4)
-5
What is the value of 0 + 2 - ((13 - 15) + 2)?
2
What is 6 - (1 - 1 - -3)?
3
Calculate -3 - (-3 + 3 + -8).
5
Evaluate -1 - (-1 + -3) - (7 - 0).
-4
(-9 - -3 - -5) + 5
4
(9 - 22) + 1 + 6
-6
What is 0 + -4 + (4 - 4)?
-4
What is the value of (2 - 2 - 0) + -1?
-1
Calculate (1 - (0 + -6)) + -8.
-1
What is -5 + 8 + 4 + -14 - -1?
-6
What is 6 + 4 + -2 - 4?
4
Calculate 45 - 50 - (-2 - 0).
-3
Calculate -1 + 0 - (27 - (36 + -10)).
-2
What is the value of (6 - 2 - 2 - 4) + -3?
-5
-9 - (-11 + 9) - -8
1
Evaluate 7 + -22 + 7 - (-5 + -1).
-2
What is the value of 4 + -4 + -2 + 3 + 7?
8
What is 7 - (-4 + (-7 + 5 - -9))?
4
Calculate 5 - (6 - (-3 + (14 - 6))).
4
Calculate 4 - (5 - (4 - (0 - -1))).
2
Calculate -2 + -1 + (-1 - -2) - -2.
0
What is the value of 1 + -1 + -1 - (-2 - -4)?
-3
Calculate 2 + -1 - (14 - (18 - -4)).
9
Evaluate -7 - (7 - 11) - 3.
-6
Calculate 2 + 0 - (-8 + (6 - -6)).
-2
Calculate -3 + 29 + -33 + -1 + 5.
-3
Calculate (4 - -2) + (-9 - -2).
-1
What is the value of (-5 - -6) + 1 - 2?
0
-11 + 1 + 5 + 6
1
8 + 3 + 1 + -3
9
Evaluate -1 - -2 - ((4 - -1) + 0).
-4
Evaluate 2 + 4 + -3 + -3.
0
(1 - 1) + -7 + 2 - 6
-11
What is the value of -2 + -3 - (1 + -11)?
5
-8 - (0 + -1 + -6 + 3)
-4
Evaluate (1 - (6 + -11)) + -2.
4
What is 71 - 87 - (-2 - 6)?
-8
-3 + 4 + (5 - (13 - 4))
-3
Evaluate 2 + -1 + -3 + 5 + 6.
9
Evaluate -9 - (-8 - -5 - 6).
0
Evaluate (-3 - -1 - -1) + 1.
0
Calculate (2 - (-2 + 0) - -4) + -13.
-5
What is the value of (-6 - (-4 - -1)) + 0?
-3
2 - -4 - (12 + -6)
0
What is 15 - 16 - (1 - 0 - 4)?
2
3 + 5 + -4 + -2
2
What is the value of 17 + -4 - (10 - -2)?
1
What is the value of 3 + -3 + (-11 - (-16 - -1))?
4
What is 6 + 0 + 9 + -12?
3
What is -2 + 12 + 0 - (-6 - -8)?
8
Evaluate 17 + -8 - (0 + (10 - 5)).
4
What is -3 - 1 - (4 - 6)?
-2
Evaluate -2 - (-5 + 3 + 0 - -3).
-3
Calculate -7 + (7 - 6) + 4.
-2
Calculate 9 + (-9 - (-7 + 2)).
5
Calculate (0 - 0) + -3 - 4 - -3.
-4
Evaluate (5 + -1 - 6) + -4 + 2.
-4
What is 6 - 0 - 0 - 4?
2
What is -13 + 7 + 2 - (-6 - -1)?
1
What is 0 + -10 - (3 + -8)?
-5
Calculate 4 + (-4 - (5 + -5)).
0
Evaluate (4 + 5 - 0) + -5 - 4.
0
Calculate -3 + 1 + (-2 - -4) + 2.
2
Evaluate (0 - 4) + 3 - 3.
-4
Calculate (-3 - -7 - -2) + -1.
5
What is the value of -1 + 11 + -6 + 2?
6
-2 + 5 + -1 - 0
2
20 - 24 - (-3 - -3)
-4
Evaluate -36 + 29 - (-4 - 0).
-3
Evaluate 2 - (5 + -7 + 0).
4
Evaluate 3 - (-7 + 4 + 1) - 3.
2
Calculate -7 + 5 + 5 + (-4 - 1).
-2
What is 1 - -3 - (11 + -8)?
1
What is the value of 6 + -14 + -1 + 6 - -4?
1
What is 5 - -1 - (-13 + 16)?
3
What is the value of -4 - ((-6 - 0) + -5 + 6)?
1
What is the value of 7 + 2 + (-4 - 1)?
4
What is (2 - 4) + (-3 - -11) - 12?
-6
7 - ((17 - 4) + (-4 - 2))
0
-4 - (-10 + 17 + -9)
-2
Calculate 3 + 0 - (0 + (-4 - -2)).
5
-6 + 8 + -7 + 4 + -3
-4
-2 - 2 - ((1 - 0) + -9)
4
Calculate 6 + (-3 + 1 + 3 - 5).
2
4 + 1 + -7 + -2
-4
-3 + (12 - 4) + 0 - 4
1
What is the value of 8 - (4 + -1 - 3 - 0)?
8
Calculate 2 + 0 + -19 + 14.
-3
8 + -1 + (101 - 117)
-9
What is 1 + (6 - 6) + -3?
-2
What is the value of -3 + -5 - (13 - 23)?
2
What is the value of 8 - (-10 + 6 + -11 + 12)?
11
What is the value of 14 + 11 + -21 - 2?
2
Evaluate 4 + -21 + 3 - -5 - -1.
-8
Evaluate -2 - -3 - (9 + (16 - 16)).
-8
Calculate 0 + 1 - (-8 + 4 - -6).
-1
What is the value of 1 - (-6 + 1) - (-1 - -4)?
3
What is the value of -15 + 12 + -1 + 2 + -2?
-4
(5 - -3) + (-20 - -12)
0
Calculate (6 - 2) + (7 - 8) - 1.
2
What is -4 - -1 - -3 - (-4 + 7)?
-3
Evaluate (-1 - (-5 + (-3 - -6))) + 4.
5
Calculate -5 + 4 + -1 + 3.
1
-7 + -18 + 22 - (-6 + 1)
2
What is the value of 10 - 11 - (1 + 0) - 4?
-6
21 + -7 + (2 - (2 + 5))
9
Calculate 1 - (-2 + (0 - -1 - -2)).
0
What is (-2 + 0 - 0) + -18 + 22?
2
What is -8 + 12 + (0 - -2)?
6
What is 3 + (-1 - 0) + (13 - 10)?
5
What is 3 - (-4 + -2 - (0 - 4))?
5
-2 - -12 - 10 - -4
4
Evaluate -3 - (-4 -